 3*y. Let r be 30/4*6/9. Suppose -r*t + 27 = -23. What is the remainder when m is divided by t?
7
Let z = 4 + -1. Suppose 3*u = z, -2*l = -u + 5*u - 24. What is the remainder when 28 is divided by l?
8
Suppose -4*g = -9 - 7. What is the remainder when 25 is divided by (1 + -27)*g/(-8)?
12
Let a = 0 - -5. Suppose 40 = -a*x - 2*j + 201, -5*j - 109 = -4*x. Calculate the remainder when x is divided by 8.
7
Suppose 17*a - 18*a = -27. What is the remainder when a is divided by 0 - ((-2 - 14) + 1)?
12
Let c(s) = 2*s**2 - 1. Suppose 1 = -2*i + i. Let x = i - 0. Calculate the remainder when 2 is divided by c(x).
0
Suppose -5*b + 1 = -14. Suppose -u + n + 29 = -3*n, 2*u - 33 = b*n. Calculate the remainder when 26 is divided by u.
8
Let d be (26/(-4))/((-1)/10). Let o = d + -34. Suppose -25 = 5*g, -4*u - u + 30 = 5*g. What is the remainder when o is divided by u?
9
Let c(r) = -r**3 + r**2 - r + 38. Let y be c(0). Suppose d = 3*d - y. What is the remainder when d is divided by 10?
9
Let p(y) = 3*y**2 + 8. Let a = -21 - -42. What is the remainder when p(5) is divided by a?
20
Let u = 0 + 3. Suppose -4*t - u*y + 0 = -2, -3*t + 12 = -3*y. What is the remainder when 3 is divided by t?
1
Let l = 0 - -12. Suppose 4*d - 2*d - 37 = -w, l = 4*w. Let s = d + -7. What is the remainder when 18 is divided by s?
8
Let f be -1 - -2 - (-25)/5. Let y = f - 2. What is the remainder when y is divided by 2?
0
Suppose -h + 35 = 2*h - y, -y = 4*h - 49. Let v = 55 - h. Calculate the remainder when v is divided by 11.
10
Suppose 0 = 2*b - 6 - 2. Let s = 19 - b. Calculate the remainder when 42 is divided by s.
12
Suppose -20 = -2*m - 2*m. Suppose -3*v - 61 = -r - 3*r, 2*v = -m*r + 105. Calculate the remainder when 36 is divided by r.
17
Let i(q) = q**2 + 5*q + 3. Let y(s) = s**3 - 2*s**2 - 2*s. What is the remainder when i(-5) is divided by y(3)?
0
Suppose 0 = -0*i + 5*i - 120. Let p be 0/3 - (0 + 0). Suppose p*t + 26 = 2*t. What is the remainder when i is divided by t?
11
Suppose -4*b = -2*o - 32, 0*b + 2*b + 4*o = -4. Let p(t) = -t**3 + 6*t**2 + 3*t + 5. Calculate the remainder when p(b) is divided by ((-16)/(-10))/((-1)/(-5)).
7
Suppose -z + 1 = -17. Let j = z + -12. What is the remainder when 22 is divided by j?
4
Let l = 14 + 24. What is the remainder when l is divided by 13?
12
Suppose 4*b + 4*y = 6*b + 58, -4*b - 3*y = 94. Let s = b + 40. Calculate the remainder when 44 is divided by s.
14
Suppose -b + 4*s = 10, 5*b = 5*s - 0 - 5. Suppose 3*d = 4*v - 35, -b*d = 4*v - 3*v - 17. What is the remainder when 127/4 + 2/8 is divided by v?
10
Let r = 3 - -12. Let c = -9 + 13. Calculate the remainder when c*-7*(-1)/1 is divided by r.
13
Suppose 5*s - 4*n - 26 = 0, 22 = s + n - 6*n. Suppose -c - s*c + 6 = 0. Calculate the remainder when c*(-2)/4 - -50 is divided by 17.
15
Let a be 9/4 + (-4)/16. Let o be 3 + (2 - a - 0). Suppose 0*m + 2*b = o*m - 64, 4*m - 70 = -5*b. Calculate the remainder when m is divided by 7.
6
What is the remainder when 192 is divided by (-1 + 0)*2/((-10)/65)?
10
Suppose -10 = -2*j, 5*c + j + 3*j = 30. Suppose 5*f - 3*y = 22, 0*y = c*f - 3*y - 7. Let d = f + 0. Calculate the remainder when d is divided by 2.
1
Suppose 0 = f - 6*f + 20. Let q = f + 3. What is the remainder when 26 is divided by q?
5
What is the remainder when -3*6/72*-124 is divided by 13?
5
Let m = 55 - 29. Let d = 24 - 17. What is the remainder when m is divided by d?
5
Let m(g) = g**3 + 5*g**2 + g + 1. Suppose -3*r - 22 = -3*i - 7, -4*i + r = -23. Calculate the remainder when m(-2) is divided by i.
5
Let v be (-4)/18 + (-114)/(-27). Suppose -t + v*t = 12. Suppose -2*j + 12 = -4*r, t*r = -0*j - 4*j. What is the remainder when 3 is divided by j?
1
Let a = -23 + 1. Suppose 6 = 4*c + 50. Let f = c - a. What is the remainder when f is divided by 4?
3
Let d(l) = -l**3 - 4*l**2 + 20*l + 22. Let z = 0 + 2. Suppose -7 = -z*w + 3*w - 3*m, 7 = 4*w - 5*m. What is the remainder when d(-7) is divided by w?
5
Let d(y) = -4*y - 1. Calculate the remainder when d(-2) is divided by 2.
1
What is the remainder when (-477)/(-15) - 3/(-15) is divided by 17?
15
Let x(u) = -18*u**3 - u - 1. Let b(g) = -g**2 + 16*g - 12. Calculate the remainder when b(8) is divided by x(-1).
16
Let w(n) = 6*n**2 + 5*n - 3*n - 15*n**2 + n + 4. Let b(a) = 5*a**2 - a - 2. Let x(f) = -7*b(f) - 4*w(f). Calculate the remainder when x(8) is divided by 12.
10
Suppose -126 - 6 = -12*p. What is the remainder when 29 is divided by p?
7
Let y = -52 + 81. Suppose 9*c - 4*c = 4*b + 44, 2*b - 3*c = -22. Let v = y + b. Calculate the remainder when 53 is divided by v.
17
Let i be (1 + 0)/((-9)/18). Let c = i + 10. Calculate the remainder when 21 is divided by c.
5
Let s = -17 - -97. Suppose -5*i + 170 = -s. Calculate the remainder when i is divided by 17.
16
Suppose l + 4 - 17 = -2*u, -44 = -4*l - 4*u. What is the remainder when 17 is divided by l?
8
Suppose 10*j - 11*j = -2*o + 45, -2*o + 3*j = -39. Calculate the remainder when 89 is divided by o.
17
Let l = -80 + 127. What is the remainder when l is divided by 26?
21
Let v be (1 - (-6)/(-3))*1. Let i be ((-76)/3)/(v/3). Suppose 4*a = -16, -50 = -5*u + 4*a + i. What is the remainder when u is divided by 12?
10
Suppose 4*h = 14 + 10. Suppose -5*n - 5*t = -100, -n + 0*n + 5*t + 20 = 0. What is the remainder when n + -1 - (2 + 1) is divided by h?
4
Suppose 10 = 5*d, 0*p + 3*p + 3*d - 63 = 0. Let c = -2 - -2. What is the remainder when 1 + 0 + 54 - c is divided by p?
17
Suppose -5*r + 30 = -0. Suppose -3*z = -l - r, -3*z - 4*l - 12 = l. Calculate the remainder when (-2 + z)/((-3)/75) is divided by 13.
12
Calculate the remainder when (-158)/(-14) + (-2)/7 is divided by (-10)/6*-9*10/25.
5
Suppose v - 5*v - 2*p + 82 = 0, -5*v + 103 = 2*p. Suppose -y = -0*y - 12. What is the remainder when v is divided by y?
9
Let z(a) = -a**2 - 2*a + 14. Let d(y) = y**2 - y + 7. What is the remainder when d(5) is divided by z(0)?
13
Let y(j) = -j + 6. Let m be y(6). Suppose m = -w - 3*w + 52. Calculate the remainder when w is divided by 5.
3
What is the remainder when 26 is divided by 36/3 - (-4)/(-2)?
6
Let p = -55 - -90. What is the remainder when 102 is divided by p?
32
Let y(x) = -8*x**2 + 4*x + 8*x - 3*x + x**3 + 2 + 1. Let g = 22 - 13. What is the remainder when y(7) is divided by g?
8
Suppose -3*k + b + 981 = 0, -2*k - 2*k + 1316 = -4*b. Suppose 4*v + k - 34 = 0. Let w = v + 103. Calculate the remainder when w is divided by 11.
8
Let j = 40 + -10. What is the remainder when j is divided by 8?
6
Calculate the remainder when ((-14)/4)/(6/(-168)) is divided by 25.
23
Suppose 2*k + 23 = 3*k. Suppose 0 = 4*j + 3*i - 52, 2*j = j - 2*i + 13. What is the remainder when k is divided by j?
10
What is the remainder when 21 is divided by 3300/270 + (11/(-9) - -1)?
9
Let x = 26 + -60. Let s = -24 - x. Calculate the remainder when 39 is divided by s.
9
Suppose 6*d - 159 = 21. What is the remainder when 118 is divided by d?
28
Suppose -7 - 4 = -y. Suppose 0*c + 8 = 2*c, 2*c = -3*i + 29. What is the remainder when y is divided by i?
4
Suppose -4*b = b - 325. Suppose 0 = -5*f + 2*x + b, -2*x = -3*f + x + 30. Let o = -46 + 52. Calculate the remainder when f is divided by o.
3
Let r = 23 + -16. What is the remainder when 20 is divided by r?
6
Let x = 2 - -1. What is the remainder when x is divided by 3?
0
Suppose f + 12 = 5*f. Let w(h) = f*h + 2*h + 2*h**2 - 2 + 2*h**2 - h**3 + h. Calculate the remainder when 5 is divided by w(5).
2
Calculate the remainder when 239 is divided by (-8)/(-10)*(-25)/20*-30.
29
Let j be 2*((-38)/4 - -4). Let m = 0 - j. Calculate the remainder when 40 is divided by m.
7
Suppose 20 = -4*m, -5*v + 2*m + 15 = m. Suppose -17 = -v*a + a. What is the remainder when 50 is divided by a?
16
What is the remainder when (-2)/(-17) + 846/34 is divided by 14?
11
Let x be 6/(2 - 1/1). Let h(c) = c**3 - 4*c**2 - 7*c - 6. Let n = -1 - -14. What is the remainder when h(x) is divided by n?
11
Suppose 17 = 3*c - 10. Calculate the remainder when 35 is divided by c.
8
Suppose 0 = -5*o + 10, -2*p - 6*o + 3*o + 34 = 0. Suppose 0*l + 5*l = 205. What is the remainder when l is divided by p?
13
Let i be 1/((-22)/10 - -2). Let o = i - -12. Let k(r) = -r**2 + 11*r + 9. What is the remainder when k(o) is divided by 13?
11
Let g(u)